, -3*a + 4*m - 29 = -89. What is the units digit of (a/(-6) - -3)*-24?
8
Let t(h) = 11*h - 1. Let s be 4 - 2 - (-21)/(-3). Let g be 2/6 - s/3. What is the tens digit of t(g)?
2
Let p(t) = t**3 + 6*t**2 - 4*t - 3. Let l be p(-5). Suppose 5*u - 2*u - l = 0. What is the units digit of u?
4
Let r(b) = -1 + 4*b - 10 - 6*b. What is the tens digit of r(-13)?
1
Let z(j) = -2*j**3 - 28*j**2 - 17*j - 31. What is the hundreds digit of z(-14)?
2
Suppose -5*f - 112 = -x, -1 + 2 = f. What is the hundreds digit of x?
1
Suppose -5*y + 161 = -g, 4*g + 36 = y - 0*y. Suppose 24 = 2*p - y. What is the tens digit of p?
2
Suppose -5*c - 5*p = -135, 60 = 3*c - c - p. What is the units digit of c?
9
Suppose 4*g - 261 = -3*i, -g = -i - 3*g + 85. What is the units digit of i?
1
Suppose 5*b + 57 = 157. What is the tens digit of b?
2
Let u(l) = -l. Let h be u(6). Let d = h - -8. What is the units digit of d?
2
What is the units digit of (-102)/(-14) + (-36)/(-21) + -2?
7
Suppose 3*x = x - 14. Let c(p) = -3*p - 9. What is the tens digit of c(x)?
1
Let k = 126 - 73. What is the tens digit of k?
5
Let a(l) = l**2 + 3*l - 4. Let j be 2*(1 - (-18)/(-4)). What is the units digit of a(j)?
4
Let k = 168 - 100. Suppose 6 = -2*q, 4*r - 4*q = -0*r + k. What is the tens digit of r?
1
Let c(f) = -f**2 - 6*f + 3. Let z be c(-6). Suppose 0*u + 3*u - 2 = -5*m, -z*u = -5*m - 22. Suppose 0 = u*i - 4 - 16. What is the units digit of i?
5
Let l = 11 + -7. Suppose u + 3*u + l = 0. What is the units digit of (-3 - u)*(-5)/2?
5
Let t be 3 + (1 - 4)/3. What is the units digit of (-82)/(-3) + t/(-6)?
7
Let j(o) = -o**3 - 6*o**2 + o - 8. Let x(f) = -f**2 - 6*f. Let q be x(-7). What is the units digit of j(q)?
4
Let c = -20 + 30. Suppose -5*y = a - 4, 4*a + c = 4*y - 22. What is the units digit of 0 + -8*3/a?
4
Suppose 6*z + 7 = -5*k + 2*z, 0 = -5*z - 15. Let y = 8 - k. What is the units digit of y?
7
Suppose -2*c + 87 = -c. What is the units digit of c?
7
Let d = 2 + 14. Suppose 2*r - d = -2*r. Let w = -2 + r. What is the units digit of w?
2
Let x = 5 - 8. Let a be -6*(-1 - 1/x). Suppose 4*i - 5*s - 51 = 0, 8 + 40 = 4*i - a*s. What is the units digit of i?
9
What is the units digit of 2*16*33/44?
4
Let x = 173 - 114. What is the tens digit of x?
5
Suppose 0 = -36*j + 32*j + 24. What is the units digit of j?
6
Suppose 13 = 4*v - 3*f, 0 = 3*v + f - 6 - 7. Suppose v*z - 119 - 37 = -4*d, -4*d - 117 = -3*z. What is the units digit of z?
9
What is the units digit of 6/(-3)*(-48)/3?
2
Suppose 0 = -4*o + 47 + 65. What is the units digit of o?
8
Suppose 2*m + 0*m - 122 = 0. Let h = -37 + m. Suppose -4 + h = 2*l. What is the units digit of l?
0
Let z = 49 - 20. What is the tens digit of z?
2
Suppose 3*i - 2*t = -6*t + 27, -25 = -i + 4*t. Let v = 16 - i. What is the units digit of v?
3
Let t = -223 + 391. What is the units digit of t?
8
Let o = 54 + -79. What is the units digit of (-165)/o - 2/(-5)?
7
Let o(g) = -g**2 + 13*g + 24. What is the units digit of o(7)?
6
What is the tens digit of (30 + -28)*271/2?
7
Let f = -26 + 52. What is the tens digit of f?
2
Let i(g) = 3*g**2 + 8*g + 10. What is the units digit of i(-6)?
0
Let y be (-2)/12*-2*-3. What is the units digit of y/((-52)/12 - -4)?
3
Suppose 0 = 5*s - 10*s + 20, -s = -2*x + 6. Let z = 7 - x. What is the units digit of z?
2
What is the units digit of 10/(-35) - 620/(-14)?
4
Suppose -l - 4*l = 0. Suppose -4*a = -4*v + 36, 0 = -4*v - 4*a - l + 4. What is the units digit of v?
5
Let o(x) = -x**3 + 9*x**2 - 9. What is the tens digit of o(8)?
5
Suppose f - 10 = -5*j + 21, -3*j - 3*f + 21 = 0. Let w(g) = -2 + 8*g**2 + 0*g - g**3 - j*g + 0*g**3. What is the units digit of w(7)?
5
Let q(g) = -g + 15. Let j be q(11). Suppose -j*h = 2 - 26. Let n = h + 4. What is the tens digit of n?
1
Let m = -3 + 6. Suppose -4*a + a - m*p + 132 = 0, -5*p - 92 = -3*a. Let z = -25 + a. What is the units digit of z?
4
Suppose h = 3*d - 3, 4*d - 3 = -2*h + 11. Suppose 0*c + d*c - 30 = 0. Let f = c + -6. What is the units digit of f?
9
Let z(n) = -7*n**2 - 2*n - n**3 - 9 - 14*n + 10*n. Let x be z(-7). Suppose s + 2*s = x. What is the units digit of s?
1
Let c = 26 - -9. What is the tens digit of c?
3
Let z be ((6 - 4)*1)/2. Let v be 1 - (-4)/(-2)*1. Let c = z - v. What is the units digit of c?
2
Suppose -415 = -2*r - 69. What is the hundreds digit of r?
1
Let l(d) = -2*d + 3. Let q be l(6). Let c = q + 7. Let h(x) = -6*x - 2. What is the tens digit of h(c)?
1
Let w = -28 - -7. Let n = w - -35. What is the units digit of n?
4
Suppose -5*p = 5*i - 590, -2*p + 0*i = -2*i - 240. What is the hundreds digit of p?
1
Let m = 122 + -32. What is the tens digit of m?
9
Let z be 2/(-3) - (-22)/6. Let i be 0 - 1/(z/(-9)). What is the units digit of 2/i - 2/(-6)?
1
Suppose -2 = -2*c, 4*c = 4*b - 3*b + 1. Let y(u) = -8*u**3 + b*u**3 - u - 3*u**3. What is the units digit of y(-1)?
9
Let i(y) = -y**3 - 2*y**2 + y - 3. Let g be i(-3). Suppose 5*u = -g + 18, 0 = 3*x - u - 12. What is the units digit of x?
5
Suppose -2*p - 4*k = 12, -2*p + 2*k - k - 2 = 0. Let j(t) = -5*t - 1. What is the units digit of j(p)?
9
Let c(u) be the second derivative of u**6/720 + u**4/12 + u. Let z(q) be the third derivative of c(q). What is the units digit of z(7)?
7
Let v be -1*(3 + -1)*-5. Let x(y) = -v + y - y + 0*y - 4*y. What is the tens digit of x(-7)?
1
Suppose 2*r = v - 34, v - 5*v + 3*r + 116 = 0. Suppose 0 = 4*o - 2 - 2, 5*m - v = -o. Suppose 2 - 32 = -m*k. What is the units digit of k?
6
Let z = -5 + 15. What is the tens digit of z?
1
Let r(y) = -y**2 + 8*y + 3. Let x be r(8). Suppose -x*t + 22 = 1. What is the units digit of t?
7
Suppose 12 = 3*g - 7*f + 4*f, -2*g = 4*f + 10. What is the units digit of g?
1
Let h(f) = 11*f - 2. Let z be h(1). Let t(l) = -l**2 + 10*l - 6. What is the units digit of t(z)?
3
Let g be (-7)/(-7) + 1 + 1. Let t = g + 11. What is the units digit of 4 - 3 - -1*t?
5
Suppose 102 = 2*c + 2*d, -32 = 3*c - 3*d - 209. What is the units digit of c?
5
Let z = -5 + 5. Suppose z = 3*l + 9 - 69. Suppose 3*m - 1 = l. What is the units digit of m?
7
Suppose 0 = -3*t + 4 + 2. Suppose 0 = -v - d + 1, 3*v - 3*d = t*d + 35. Suppose -12 = -3*z, 4*z + 7 = -v*k + 63. What is the units digit of k?
8
Let s be 0 + (3/(-3) - -11). Suppose -3*q + 53 + s = 0. What is the units digit of q?
1
Let k(a) = -a**2 - a - 10. Suppose t = 3*t. Let v be k(t). Let f = v + 21. What is the tens digit of f?
1
Let c be 118/8 - (-1)/4. Suppose -4*b - 2*d = 6, -4*d - c = d. Let j = 1 + b. What is the units digit of j?
1
Let i be (-6)/9*(-18)/4. Suppose -i*j = -2*j - 4. What is the units digit of j?
4
Suppose -4*w + 3*w = -35. Suppose -5*h + 4*p = -w, 0*h + p = 3*h - 14. What is the units digit of h?
3
Let s(m) = -m**3 - 12. Let w be s(0). What is the units digit of (-2)/6*w/4?
1
Let g = 16 + -6. Suppose n - 3*n + g = 0. What is the units digit of n?
5
Suppose -17*k + 14*k - 45 = 0. What is the tens digit of -15*4*3/k?
1
Let q(f) = 2*f**2 + 4*f - 2. Suppose l + 95 = 5*w - l, -5*w + 5*l + 95 = 0. Suppose -b = 4*a + w, 5*a - 6*b + 14 = -4*b. What is the units digit of q(a)?
4
Suppose -8 = -k + 62. What is the units digit of k?
0
Suppose 5*b - 5*u - 15 = b, 45 = 5*b - u. Let s(l) be the first derivative of -l**4/4 + 10*l**3/3 + l**2/2 - 5*l + 1. What is the units digit of s(b)?
5
Let a = -41 + 62. Suppose 3*y - 6 = a. What is the units digit of y?
9
Let i be ((-16)/6)/((-1)/39). Let y = -48 + i. What is the tens digit of y?
5
Let r be (-3 + 2)/(1/(-778)). What is the tens digit of r/14 - 32/56?
5
Let a = 18 - 15. Suppose 23 = -a*w + 116. What is the tens digit of w?
3
Suppose -2*c - c - 9 = 0. What is the units digit of (0 + c)/(3/(-2))?
2
Let o = -3 + -1. Let c(u) = -10*u. Let m be c(o). Suppose 0 = -3*v + 4*q + 34, 2*q + m = 4*v - 2*q. What is the units digit of v?
6
Suppose 2*k = 2*j + 16, 0*j - 3*j - k = 20. Let u = 7 + -17. Let i = j - u. What is the units digit of i?
3
Suppose 0 = -4*w - 3*o + 24 - 9, -5*w + 42 = -4*o. Let h = w + 1. Let r = h + -2. What is the units digit of r?
5
Let p(n) = n**2 - 2. Let r be p(0). Let x(h) = h + 1. Let k(u) = -u**2. Let a(g) = -k(g) - 2*x(g). What is the units digit of a(r)?
6
Let y be 1*-2 + 15/3. Suppose 0 = -c + y*c - 4. What is the units digit of c?
2
Suppose -g - 1 = -16. Let 